alculate the greatest common divisor of 17680 and 1020.
340
What is the highest common factor of 90 and 26175?
15
What is the highest common divisor of 29020 and 220?
20
Calculate the greatest common factor of 72 and 50136.
24
Calculate the highest common divisor of 140 and 13863780.
140
Calculate the highest common factor of 76466 and 3460.
346
What is the highest common divisor of 93375 and 7125?
375
Calculate the highest common factor of 690674 and 604.
302
Calculate the greatest common divisor of 49 and 192031.
49
What is the greatest common divisor of 6298158 and 2188?
1094
Calculate the highest common divisor of 18770 and 95.
5
What is the highest common divisor of 10430 and 1369310?
1490
What is the greatest common factor of 72297 and 58?
29
What is the highest common factor of 18 and 18267?
3
Calculate the greatest common factor of 324 and 51732.
108
Calculate the highest common factor of 1043627 and 13.
13
What is the greatest common divisor of 135 and 657?
9
What is the highest common factor of 422422 and 28?
14
Calculate the greatest common factor of 17372 and 13932.
172
What is the greatest common factor of 243140 and 12?
4
Calculate the highest common factor of 232 and 20764.
116
What is the greatest common factor of 7506 and 26757?
27
Calculate the greatest common divisor of 7452 and 759.
69
Calculate the greatest common factor of 22 and 13414.
2
Calculate the greatest common divisor of 3212 and 1694.
22
Calculate the greatest common factor of 4872 and 14007.
609
What is the greatest common factor of 35 and 3458?
7
What is the greatest common divisor of 86344 and 2838?
86
What is the highest common divisor of 202536 and 1856?
232
Calculate the highest common factor of 108 and 3132.
108
What is the greatest common divisor of 33664 and 208?
16
Calculate the highest common factor of 231 and 60786.
33
Calculate the highest common factor of 126 and 2628990.
126
Calculate the highest common factor of 500 and 32464.
4
What is the highest common factor of 27 and 218727?
27
What is the highest common divisor of 168 and 65576?
56
What is the greatest common divisor of 5155738 and 14?
14
Calculate the highest common factor of 172014 and 24.
6
Calculate the highest common factor of 40 and 51780.
20
What is the highest common factor of 21267 and 2780?
139
Calculate the greatest common divisor of 441 and 9117.
9
What is the highest common factor of 1786518 and 18?
18
Calculate the greatest common factor of 15159 and 35697.
489
Calculate the highest common divisor of 24 and 58040.
8
What is the greatest common factor of 805 and 65233?
7
Calculate the highest common factor of 24 and 1016312.
8
What is the greatest common factor of 8 and 11566?
2
Calculate the greatest common divisor of 172191 and 3.
3
What is the highest common divisor of 1004 and 972?
4
What is the greatest common divisor of 2847 and 26280?
219
Calculate the greatest common factor of 791 and 8367989.
791
Calculate the greatest common factor of 26273 and 2236.
559
Calculate the highest common factor of 12 and 2863524.
12
Calculate the greatest common divisor of 118592 and 136.
136
What is the highest common factor of 57 and 54872?
19
What is the highest common factor of 665 and 2246104?
133
What is the greatest common divisor of 724328 and 88?
88
What is the highest common factor of 1768 and 104?
104
What is the greatest common factor of 110384 and 64?
16
What is the greatest common factor of 35 and 139765?
5
Calculate the greatest common divisor of 204 and 114716.
68
What is the highest common divisor of 36064 and 29440?
736
What is the greatest common divisor of 3 and 4488?
3
What is the greatest common factor of 85176 and 378729?
1521
What is the highest common factor of 24017 and 376?
47
What is the greatest common divisor of 416 and 98528?
32
What is the highest common factor of 7315 and 110?
55
Calculate the greatest common factor of 32778 and 144.
18
Calculate the greatest common factor of 12792 and 3744.
312
Calculate the highest common factor of 1504451 and 13.
13
What is the highest common factor of 85 and 3?
1
Calculate the highest common factor of 3757 and 298792.
221
Calculate the highest common divisor of 691442 and 454.
454
Calculate the highest common divisor of 180 and 12755.
5
Calculate the greatest common factor of 9554646 and 993.
993
Calculate the greatest common divisor of 370969 and 963.
107
Calculate the greatest common divisor of 235050 and 300.
150
Calculate the highest common divisor of 112 and 179704.
56
What is the greatest common factor of 1734092 and 152?
76
What is the greatest common divisor of 1774236 and 4?
4
What is the greatest common factor of 72191 and 119?
7
Calculate the greatest common divisor of 52838 and 5626.
58
What is the highest common factor of 31561 and 74?
37
Calculate the greatest common factor of 11415 and 30.
15
Calculate the greatest common factor of 23961 and 978.
489
Calculate the highest common factor of 372 and 117986.
62
Calculate the highest common divisor of 3135 and 2660.
95
Calculate the highest common divisor of 23765 and 132545.
245
Calculate the greatest common divisor of 23369724 and 14.
14
What is the highest common factor of 1515 and 48075?
15
Calculate the highest common factor of 35048 and 104.
104
Calculate the greatest common divisor of 10359591 and 22.
11
Calculate the greatest common factor of 10452 and 110550.
402
Calculate the greatest common factor of 1474 and 2629.
11
What is the highest common divisor of 37790 and 2400?
10
Calculate the greatest common factor of 6 and 58713.
3
Calculate the greatest common factor of 22624 and 96.
32
What is the highest common factor of 602226 and 18?
18
What is the greatest common factor of 145 and 25085?
145
Calculate the greatest common divisor of 236 and 236.
236
Calculate the greatest common divisor of 97421 and 37.
37
Calculate the highest common factor of 5616 and 3348.
108
Calculate the greatest common factor of 217039 and 17.
17
What is the greatest common divisor of 5539 and 4727?
29
What is the greatest common factor of 1029 and 9205434?
1029
What is the highest common factor of 29 and 3927093?
29
Calculate the highest common factor of 44650 and 125.
25
What is the greatest common factor of 18 and 3510846?
18
Calculate the greatest common factor of 4 and 10.
2
Calculate the highest common factor of 129 and 6.
3
Calculate the greatest common factor of 410 and 645.
5
What is the highest common factor of 34 and 268787?
17
Calculate the highest common factor of 52957 and 1.
1
Calculate the highest common factor of 23718 and 31860.
354
What is the highest common divisor of 6475 and 481?
37
What is the greatest common factor of 66458 and 2303?
329
Calculate the greatest common factor of 292296 and 84.
12
What is the greatest common divisor of 667906 and 265?
53
Calculate the greatest common divisor of 6 and 142464.
6
What is the greatest common divisor of 5250 and 12450?
150
What is the highest common factor of 345 and 43320?
15
What is the highest common divisor of 408 and 162?
6
What is the highest common factor of 2619 and 675?
27
Calculate the highest common factor of 1 and 184726.
1
What is the highest common divisor of 8775896 and 472?
472
Calculate the highest common divisor of 1386 and 278964.
126
What is the greatest common factor of 32956 and 396?
44
Calculate the greatest common factor of 118984 and 5992.
856
Calculate the greatest common factor of 12640482 and 54.
54
Calculate the highest common factor of 68315 and 130.
65
Calculate the highest common factor of 190720 and 656.
16
What is the greatest common divisor of 3792 and 73628?
316
Calculate the greatest common factor of 304 and 8324.
4
What is the greatest common divisor of 171187 and 145?
29
Calculate the greatest common factor of 8132 and 78128.
76
What is the greatest common divisor of 2220 and 75?
15
What is the greatest common factor of 159 and 84217?
53
Calculate the greatest common factor of 53680 and 1424.
16
What is the highest common factor of 15433 and 224114?
671
Calculate the greatest common divisor of 26 and 202.
2
Calculate the highest common factor of 52 and 29588.
52
What is the greatest common divisor of 41 and 1012?
1
What is the greatest common divisor of 36 and 118746